{"id":3976,"date":"2021-05-02T01:28:45","date_gmt":"2021-05-01T22:28:45","guid":{"rendered":"http:\/\/ekmekcigurme.com.tr\/?page_id=3976"},"modified":"2021-06-05T03:25:00","modified_gmt":"2021-06-05T00:25:00","slug":"sutlu-tatlilar","status":"publish","type":"page","link":"http:\/\/ekmekcigurme.com.tr\/?page_id=3976","title":{"rendered":"s\u00fctl\u00fc tatl\u0131lar"},"content":{"rendered":"<p>[vc_row row_content_width=&#8221;grid&#8221;][vc_column]<div class=\"woocommerce columns-3 \"><ul class=\"products columns-3\">\n<li class=\"product type-product post-3913 status-publish first instock product_cat-sutlu-tatlilar has-post-thumbnail shipping-taxable product-type-simple\">\n\t<div class=\"mkdf-pl-inner\"><div class=\"mkdf-pl-image\"><img width=\"300\" height=\"300\" src=\"http:\/\/ekmekcigurme.com.tr\/wp-content\/uploads\/2021\/05\/urun-44-300x300.jpg\" class=\"attachment-woocommerce_thumbnail size-woocommerce_thumbnail\" alt=\"\" loading=\"lazy\" srcset=\"http:\/\/ekmekcigurme.com.tr\/wp-content\/uploads\/2021\/05\/urun-44-300x300.jpg 300w, http:\/\/ekmekcigurme.com.tr\/wp-content\/uploads\/2021\/05\/urun-44-150x150.jpg 150w, http:\/\/ekmekcigurme.com.tr\/wp-content\/uploads\/2021\/05\/urun-44-650x650.jpg 650w, http:\/\/ekmekcigurme.com.tr\/wp-content\/uploads\/2021\/05\/urun-44-1300x1300.jpg 1300w, http:\/\/ekmekcigurme.com.tr\/wp-content\/uploads\/2021\/05\/urun-44-100x100.jpg 100w\" sizes=\"(max-width: 300px) 100vw, 300px\" \/><div class=\"mkdf-pl-text\"><div class=\"mkdf-pl-text-outer\"><div class=\"mkdf-pl-text-inner\"><a href=\"http:\/\/ekmekcigurme.com.tr\/?product=kazandibi\" data-quantity=\"1\" class=\"button product_type_simple\" data-product_id=\"3913\" data-product_sku=\"\" aria-label=\"&ldquo;Kazandibi 3&#039;l\u00fc&rdquo; hakk\u0131nda daha fazla bilgi edinin\" rel=\"nofollow\">Devam\u0131n\u0131 oku<\/a><\/div><\/div><\/div><\/div><\/div><div class=\"mkdf-pl-text-wrapper\"><h4 class=\"mkdf-product-list-title\"><a href=\"http:\/\/ekmekcigurme.com.tr\/?product=kazandibi\">Kazandibi 3&#8217;l\u00fc<\/a><\/h4>\n<\/div><a href=\"http:\/\/ekmekcigurme.com.tr\/?product=kazandibi\" class=\"woocommerce-LoopProduct-link woocommerce-loop-product__link\"><\/a><\/li><li class=\"product type-product post-4350 status-publish instock product_cat-sutlu-tatlilar has-post-thumbnail shipping-taxable product-type-simple\">\n\t<div class=\"mkdf-pl-inner\"><div class=\"mkdf-pl-image\"><img width=\"300\" height=\"300\" src=\"http:\/\/ekmekcigurme.com.tr\/wp-content\/uploads\/2021\/06\/urun-57-300x300.jpg\" class=\"attachment-woocommerce_thumbnail size-woocommerce_thumbnail\" alt=\"\" loading=\"lazy\" srcset=\"http:\/\/ekmekcigurme.com.tr\/wp-content\/uploads\/2021\/06\/urun-57-300x300.jpg 300w, http:\/\/ekmekcigurme.com.tr\/wp-content\/uploads\/2021\/06\/urun-57-150x150.jpg 150w, http:\/\/ekmekcigurme.com.tr\/wp-content\/uploads\/2021\/06\/urun-57-650x650.jpg 650w, http:\/\/ekmekcigurme.com.tr\/wp-content\/uploads\/2021\/06\/urun-57-1300x1300.jpg 1300w, http:\/\/ekmekcigurme.com.tr\/wp-content\/uploads\/2021\/06\/urun-57-100x100.jpg 100w\" sizes=\"(max-width: 300px) 100vw, 300px\" \/><div class=\"mkdf-pl-text\"><div class=\"mkdf-pl-text-outer\"><div class=\"mkdf-pl-text-inner\"><a href=\"http:\/\/ekmekcigurme.com.tr\/?product=kazandibi-tekli\" data-quantity=\"1\" class=\"button product_type_simple\" data-product_id=\"4350\" data-product_sku=\"\" aria-label=\"&ldquo;Kazandibi tekli&rdquo; hakk\u0131nda daha fazla bilgi edinin\" rel=\"nofollow\">Devam\u0131n\u0131 oku<\/a><\/div><\/div><\/div><\/div><\/div><div class=\"mkdf-pl-text-wrapper\"><h4 class=\"mkdf-product-list-title\"><a href=\"http:\/\/ekmekcigurme.com.tr\/?product=kazandibi-tekli\">Kazandibi tekli<\/a><\/h4>\n<\/div><a href=\"http:\/\/ekmekcigurme.com.tr\/?product=kazandibi-tekli\" class=\"woocommerce-LoopProduct-link woocommerce-loop-product__link\"><\/a><\/li><li class=\"product type-product post-4348 status-publish last instock product_cat-sutlu-tatlilar has-post-thumbnail shipping-taxable product-type-simple\">\n\t<div class=\"mkdf-pl-inner\"><div class=\"mkdf-pl-image\"><img width=\"300\" height=\"300\" src=\"http:\/\/ekmekcigurme.com.tr\/wp-content\/uploads\/2021\/05\/urun-45-300x300.jpg\" class=\"attachment-woocommerce_thumbnail size-woocommerce_thumbnail\" alt=\"\" loading=\"lazy\" srcset=\"http:\/\/ekmekcigurme.com.tr\/wp-content\/uploads\/2021\/05\/urun-45-300x300.jpg 300w, http:\/\/ekmekcigurme.com.tr\/wp-content\/uploads\/2021\/05\/urun-45-150x150.jpg 150w, http:\/\/ekmekcigurme.com.tr\/wp-content\/uploads\/2021\/05\/urun-45-650x650.jpg 650w, http:\/\/ekmekcigurme.com.tr\/wp-content\/uploads\/2021\/05\/urun-45-100x100.jpg 100w\" sizes=\"(max-width: 300px) 100vw, 300px\" \/><div class=\"mkdf-pl-text\"><div class=\"mkdf-pl-text-outer\"><div class=\"mkdf-pl-text-inner\"><a href=\"http:\/\/ekmekcigurme.com.tr\/?product=profiterol-250gr\" data-quantity=\"1\" class=\"button product_type_simple\" data-product_id=\"4348\" data-product_sku=\"\" aria-label=\"&ldquo;Profiterol 250gr&rdquo; hakk\u0131nda daha fazla bilgi edinin\" rel=\"nofollow\">Devam\u0131n\u0131 oku<\/a><\/div><\/div><\/div><\/div><\/div><div class=\"mkdf-pl-text-wrapper\"><h4 class=\"mkdf-product-list-title\"><a href=\"http:\/\/ekmekcigurme.com.tr\/?product=profiterol-250gr\">Profiterol 250gr<\/a><\/h4>\n<\/div><a href=\"http:\/\/ekmekcigurme.com.tr\/?product=profiterol-250gr\" class=\"woocommerce-LoopProduct-link woocommerce-loop-product__link\"><\/a><\/li><li class=\"product type-product post-3915 status-publish first instock product_cat-sutlu-tatlilar has-post-thumbnail shipping-taxable product-type-simple\">\n\t<div class=\"mkdf-pl-inner\"><div class=\"mkdf-pl-image\"><img width=\"300\" height=\"300\" src=\"http:\/\/ekmekcigurme.com.tr\/wp-content\/uploads\/2021\/05\/urun-45-300x300.jpg\" class=\"attachment-woocommerce_thumbnail size-woocommerce_thumbnail\" alt=\"\" loading=\"lazy\" srcset=\"http:\/\/ekmekcigurme.com.tr\/wp-content\/uploads\/2021\/05\/urun-45-300x300.jpg 300w, http:\/\/ekmekcigurme.com.tr\/wp-content\/uploads\/2021\/05\/urun-45-150x150.jpg 150w, http:\/\/ekmekcigurme.com.tr\/wp-content\/uploads\/2021\/05\/urun-45-650x650.jpg 650w, http:\/\/ekmekcigurme.com.tr\/wp-content\/uploads\/2021\/05\/urun-45-100x100.jpg 100w\" sizes=\"(max-width: 300px) 100vw, 300px\" \/><div class=\"mkdf-pl-text\"><div class=\"mkdf-pl-text-outer\"><div class=\"mkdf-pl-text-inner\"><a href=\"http:\/\/ekmekcigurme.com.tr\/?product=profiterol\" data-quantity=\"1\" class=\"button product_type_simple\" data-product_id=\"3915\" data-product_sku=\"\" aria-label=\"&ldquo;Profiterol 700 gr&rdquo; hakk\u0131nda daha fazla bilgi edinin\" rel=\"nofollow\">Devam\u0131n\u0131 oku<\/a><\/div><\/div><\/div><\/div><\/div><div class=\"mkdf-pl-text-wrapper\"><h4 class=\"mkdf-product-list-title\"><a href=\"http:\/\/ekmekcigurme.com.tr\/?product=profiterol\">Profiterol 700 gr<\/a><\/h4>\n<\/div><a href=\"http:\/\/ekmekcigurme.com.tr\/?product=profiterol\" class=\"woocommerce-LoopProduct-link woocommerce-loop-product__link\"><\/a><\/li><li class=\"product type-product post-4349 status-publish instock product_cat-sutlu-tatlilar has-post-thumbnail shipping-taxable product-type-simple\">\n\t<div class=\"mkdf-pl-inner\"><div class=\"mkdf-pl-image\"><img width=\"300\" height=\"300\" src=\"http:\/\/ekmekcigurme.com.tr\/wp-content\/uploads\/2021\/05\/urun-45-300x300.jpg\" class=\"attachment-woocommerce_thumbnail size-woocommerce_thumbnail\" alt=\"\" loading=\"lazy\" srcset=\"http:\/\/ekmekcigurme.com.tr\/wp-content\/uploads\/2021\/05\/urun-45-300x300.jpg 300w, http:\/\/ekmekcigurme.com.tr\/wp-content\/uploads\/2021\/05\/urun-45-150x150.jpg 150w, http:\/\/ekmekcigurme.com.tr\/wp-content\/uploads\/2021\/05\/urun-45-650x650.jpg 650w, http:\/\/ekmekcigurme.com.tr\/wp-content\/uploads\/2021\/05\/urun-45-100x100.jpg 100w\" sizes=\"(max-width: 300px) 100vw, 300px\" \/><div class=\"mkdf-pl-text\"><div class=\"mkdf-pl-text-outer\"><div class=\"mkdf-pl-text-inner\"><a href=\"http:\/\/ekmekcigurme.com.tr\/?product=supangle\" data-quantity=\"1\" class=\"button product_type_simple\" data-product_id=\"4349\" data-product_sku=\"\" aria-label=\"&ldquo;Supangle&rdquo; hakk\u0131nda daha fazla bilgi edinin\" rel=\"nofollow\">Devam\u0131n\u0131 oku<\/a><\/div><\/div><\/div><\/div><\/div><div class=\"mkdf-pl-text-wrapper\"><h4 class=\"mkdf-product-list-title\"><a href=\"http:\/\/ekmekcigurme.com.tr\/?product=supangle\">Supangle<\/a><\/h4>\n<\/div><a href=\"http:\/\/ekmekcigurme.com.tr\/?product=supangle\" class=\"woocommerce-LoopProduct-link woocommerce-loop-product__link\"><\/a><\/li><li class=\"product type-product post-4351 status-publish last instock product_cat-sutlu-tatlilar has-post-thumbnail shipping-taxable product-type-simple\">\n\t<div class=\"mkdf-pl-inner\"><div class=\"mkdf-pl-image\"><img width=\"300\" height=\"300\" src=\"http:\/\/ekmekcigurme.com.tr\/wp-content\/uploads\/2021\/06\/urun-57-300x300.jpg\" class=\"attachment-woocommerce_thumbnail size-woocommerce_thumbnail\" alt=\"\" loading=\"lazy\" srcset=\"http:\/\/ekmekcigurme.com.tr\/wp-content\/uploads\/2021\/06\/urun-57-300x300.jpg 300w, http:\/\/ekmekcigurme.com.tr\/wp-content\/uploads\/2021\/06\/urun-57-150x150.jpg 150w, http:\/\/ekmekcigurme.com.tr\/wp-content\/uploads\/2021\/06\/urun-57-650x650.jpg 650w, http:\/\/ekmekcigurme.com.tr\/wp-content\/uploads\/2021\/06\/urun-57-1300x1300.jpg 1300w, http:\/\/ekmekcigurme.com.tr\/wp-content\/uploads\/2021\/06\/urun-57-100x100.jpg 100w\" sizes=\"(max-width: 300px) 100vw, 300px\" \/><div class=\"mkdf-pl-text\"><div class=\"mkdf-pl-text-outer\"><div class=\"mkdf-pl-text-inner\"><a href=\"http:\/\/ekmekcigurme.com.tr\/?product=sutlac\" data-quantity=\"1\" class=\"button product_type_simple\" data-product_id=\"4351\" data-product_sku=\"\" aria-label=\"&ldquo;S\u00fctla\u00e7&rdquo; hakk\u0131nda daha fazla bilgi edinin\" rel=\"nofollow\">Devam\u0131n\u0131 oku<\/a><\/div><\/div><\/div><\/div><\/div><div class=\"mkdf-pl-text-wrapper\"><h4 class=\"mkdf-product-list-title\"><a href=\"http:\/\/ekmekcigurme.com.tr\/?product=sutlac\">S\u00fctla\u00e7<\/a><\/h4>\n<\/div><a href=\"http:\/\/ekmekcigurme.com.tr\/?product=sutlac\" class=\"woocommerce-LoopProduct-link woocommerce-loop-product__link\"><\/a><\/li><li class=\"product type-product post-4353 status-publish first instock product_cat-sutlu-tatlilar has-post-thumbnail shipping-taxable product-type-simple\">\n\t<div class=\"mkdf-pl-inner\"><div class=\"mkdf-pl-image\"><img width=\"300\" height=\"300\" src=\"http:\/\/ekmekcigurme.com.tr\/wp-content\/uploads\/2021\/06\/urun-57-300x300.jpg\" class=\"attachment-woocommerce_thumbnail size-woocommerce_thumbnail\" alt=\"\" loading=\"lazy\" srcset=\"http:\/\/ekmekcigurme.com.tr\/wp-content\/uploads\/2021\/06\/urun-57-300x300.jpg 300w, http:\/\/ekmekcigurme.com.tr\/wp-content\/uploads\/2021\/06\/urun-57-150x150.jpg 150w, http:\/\/ekmekcigurme.com.tr\/wp-content\/uploads\/2021\/06\/urun-57-650x650.jpg 650w, http:\/\/ekmekcigurme.com.tr\/wp-content\/uploads\/2021\/06\/urun-57-1300x1300.jpg 1300w, http:\/\/ekmekcigurme.com.tr\/wp-content\/uploads\/2021\/06\/urun-57-100x100.jpg 100w\" sizes=\"(max-width: 300px) 100vw, 300px\" \/><div class=\"mkdf-pl-text\"><div class=\"mkdf-pl-text-outer\"><div class=\"mkdf-pl-text-inner\"><a href=\"http:\/\/ekmekcigurme.com.tr\/?product=tralice\" data-quantity=\"1\" class=\"button product_type_simple\" data-product_id=\"4353\" data-product_sku=\"\" aria-label=\"&ldquo;Trali\u00e7e&rdquo; hakk\u0131nda daha fazla bilgi edinin\" rel=\"nofollow\">Devam\u0131n\u0131 oku<\/a><\/div><\/div><\/div><\/div><\/div><div class=\"mkdf-pl-text-wrapper\"><h4 class=\"mkdf-product-list-title\"><a href=\"http:\/\/ekmekcigurme.com.tr\/?product=tralice\">Trali\u00e7e<\/a><\/h4>\n<\/div><a href=\"http:\/\/ekmekcigurme.com.tr\/?product=tralice\" class=\"woocommerce-LoopProduct-link woocommerce-loop-product__link\"><\/a><\/li><\/ul>\n<\/div>[\/vc_column][\/vc_row]<\/p>\n","protected":false},"excerpt":{"rendered":"<p>[vc_row row_content_width=&#8221;grid&#8221;][vc_column][\/vc_column][\/vc_row]<\/p>\n","protected":false},"author":1,"featured_media":0,"parent":0,"menu_order":0,"comment_status":"closed","ping_status":"closed","template":"","meta":[],"_links":{"self":[{"href":"http:\/\/ekmekcigurme.com.tr\/index.php?rest_route=\/wp\/v2\/pages\/3976"}],"collection":[{"href":"http:\/\/ekmekcigurme.com.tr\/index.php?rest_route=\/wp\/v2\/pages"}],"about":[{"href":"http:\/\/ekmekcigurme.com.tr\/index.php?rest_route=\/wp\/v2\/types\/page"}],"author":[{"embeddable":true,"href":"http:\/\/ekmekcigurme.com.tr\/index.php?rest_route=\/wp\/v2\/users\/1"}],"replies":[{"embeddable":true,"href":"http:\/\/ekmekcigurme.com.tr\/index.php?rest_route=%2Fwp%2Fv2%2Fcomments&post=3976"}],"version-history":[{"count":3,"href":"http:\/\/ekmekcigurme.com.tr\/index.php?rest_route=\/wp\/v2\/pages\/3976\/revisions"}],"predecessor-version":[{"id":4098,"href":"http:\/\/ekmekcigurme.com.tr\/index.php?rest_route=\/wp\/v2\/pages\/3976\/revisions\/4098"}],"wp:attachment":[{"href":"http:\/\/ekmekcigurme.com.tr\/index.php?rest_route=%2Fwp%2Fv2%2Fmedia&parent=3976"}],"curies":[{"name":"wp","href":"https:\/\/api.w.org\/{rel}","templated":true}]}}