{"id":3967,"date":"2021-05-02T01:24:38","date_gmt":"2021-05-01T22:24:38","guid":{"rendered":"http:\/\/ekmekcigurme.com.tr\/?page_id=3967"},"modified":"2021-11-21T00:18:01","modified_gmt":"2021-11-20T21:18:01","slug":"ekmekler","status":"publish","type":"page","link":"http:\/\/ekmekcigurme.com.tr\/?page_id=3967","title":{"rendered":"Ekmekler"},"content":{"rendered":"<p>[vc_row][vc_column]<div class=\"woocommerce columns-4 \"><ul class=\"products columns-4\">\n<li class=\"product type-product post-4299 status-publish first instock product_cat-ekmekler has-post-thumbnail shipping-taxable product-type-simple\">\n\t<div class=\"mkdf-pl-inner\"><div class=\"mkdf-pl-image\"><img width=\"300\" height=\"300\" src=\"http:\/\/ekmekcigurme.com.tr\/wp-content\/uploads\/2021\/06\/Alman-C\u0327avdar-Ekmeg\u0306i-300x300.jpg\" class=\"attachment-woocommerce_thumbnail size-woocommerce_thumbnail\" alt=\"\" loading=\"lazy\" srcset=\"http:\/\/ekmekcigurme.com.tr\/wp-content\/uploads\/2021\/06\/Alman-C\u0327avdar-Ekmeg\u0306i-300x300.jpg 300w, http:\/\/ekmekcigurme.com.tr\/wp-content\/uploads\/2021\/06\/Alman-C\u0327avdar-Ekmeg\u0306i-150x150.jpg 150w, http:\/\/ekmekcigurme.com.tr\/wp-content\/uploads\/2021\/06\/Alman-C\u0327avdar-Ekmeg\u0306i-650x650.jpg 650w, http:\/\/ekmekcigurme.com.tr\/wp-content\/uploads\/2021\/06\/Alman-C\u0327avdar-Ekmeg\u0306i-100x100.jpg 100w\" sizes=\"(max-width: 300px) 100vw, 300px\" \/><div class=\"mkdf-pl-text\"><div class=\"mkdf-pl-text-outer\"><div class=\"mkdf-pl-text-inner\"><a href=\"http:\/\/ekmekcigurme.com.tr\/?product=alman-cavdari\" data-quantity=\"1\" class=\"button product_type_simple\" data-product_id=\"4299\" data-product_sku=\"\" aria-label=\"&ldquo;Alman \u00c7avdar\u0131&rdquo; hakk\u0131nda daha fazla bilgi edinin\" rel=\"nofollow\">Devam\u0131n\u0131 oku<\/a><\/div><\/div><\/div><\/div><\/div><div class=\"mkdf-pl-text-wrapper\"><h4 class=\"mkdf-product-list-title\"><a href=\"http:\/\/ekmekcigurme.com.tr\/?product=alman-cavdari\">Alman \u00c7avdar\u0131<\/a><\/h4>\n<\/div><a href=\"http:\/\/ekmekcigurme.com.tr\/?product=alman-cavdari\" class=\"woocommerce-LoopProduct-link woocommerce-loop-product__link\"><\/a><\/li><li class=\"product type-product post-4305 status-publish instock product_cat-ekmekler has-post-thumbnail shipping-taxable product-type-simple\">\n\t<div class=\"mkdf-pl-inner\"><div class=\"mkdf-pl-image\"><img width=\"300\" height=\"300\" src=\"http:\/\/ekmekcigurme.com.tr\/wp-content\/uploads\/2021\/06\/cavdar-ekmegi-300x300.jpg\" class=\"attachment-woocommerce_thumbnail size-woocommerce_thumbnail\" alt=\"\" loading=\"lazy\" srcset=\"http:\/\/ekmekcigurme.com.tr\/wp-content\/uploads\/2021\/06\/cavdar-ekmegi-300x300.jpg 300w, http:\/\/ekmekcigurme.com.tr\/wp-content\/uploads\/2021\/06\/cavdar-ekmegi-150x150.jpg 150w, http:\/\/ekmekcigurme.com.tr\/wp-content\/uploads\/2021\/06\/cavdar-ekmegi-768x768.jpg 768w, http:\/\/ekmekcigurme.com.tr\/wp-content\/uploads\/2021\/06\/cavdar-ekmegi-650x650.jpg 650w, http:\/\/ekmekcigurme.com.tr\/wp-content\/uploads\/2021\/06\/cavdar-ekmegi-600x600.jpg 600w, http:\/\/ekmekcigurme.com.tr\/wp-content\/uploads\/2021\/06\/cavdar-ekmegi-100x100.jpg 100w, http:\/\/ekmekcigurme.com.tr\/wp-content\/uploads\/2021\/06\/cavdar-ekmegi.jpg 800w\" sizes=\"(max-width: 300px) 100vw, 300px\" \/><div class=\"mkdf-pl-text\"><div class=\"mkdf-pl-text-outer\"><div class=\"mkdf-pl-text-inner\"><a href=\"http:\/\/ekmekcigurme.com.tr\/?product=cavdar-ekmek\" data-quantity=\"1\" class=\"button product_type_simple\" data-product_id=\"4305\" data-product_sku=\"\" aria-label=\"&ldquo;\u00c7avdar Ekmek&rdquo; hakk\u0131nda daha fazla bilgi edinin\" rel=\"nofollow\">Devam\u0131n\u0131 oku<\/a><\/div><\/div><\/div><\/div><\/div><div class=\"mkdf-pl-text-wrapper\"><h4 class=\"mkdf-product-list-title\"><a href=\"http:\/\/ekmekcigurme.com.tr\/?product=cavdar-ekmek\">\u00c7avdar Ekmek<\/a><\/h4>\n<\/div><a href=\"http:\/\/ekmekcigurme.com.tr\/?product=cavdar-ekmek\" class=\"woocommerce-LoopProduct-link woocommerce-loop-product__link\"><\/a><\/li><li class=\"product type-product post-4296 status-publish instock product_cat-ekmekler has-post-thumbnail shipping-taxable product-type-simple\">\n\t<div class=\"mkdf-pl-inner\"><div class=\"mkdf-pl-image\"><img width=\"300\" height=\"300\" src=\"http:\/\/ekmekcigurme.com.tr\/wp-content\/uploads\/2021\/06\/kara-ekmek-300x300.jpg\" class=\"attachment-woocommerce_thumbnail size-woocommerce_thumbnail\" alt=\"\" loading=\"lazy\" srcset=\"http:\/\/ekmekcigurme.com.tr\/wp-content\/uploads\/2021\/06\/kara-ekmek-300x300.jpg 300w, http:\/\/ekmekcigurme.com.tr\/wp-content\/uploads\/2021\/06\/kara-ekmek-150x150.jpg 150w, http:\/\/ekmekcigurme.com.tr\/wp-content\/uploads\/2021\/06\/kara-ekmek-650x650.jpg 650w, http:\/\/ekmekcigurme.com.tr\/wp-content\/uploads\/2021\/06\/kara-ekmek-1300x1300.jpg 1300w, http:\/\/ekmekcigurme.com.tr\/wp-content\/uploads\/2021\/06\/kara-ekmek-100x100.jpg 100w\" sizes=\"(max-width: 300px) 100vw, 300px\" \/><div class=\"mkdf-pl-text\"><div class=\"mkdf-pl-text-outer\"><div class=\"mkdf-pl-text-inner\"><a href=\"http:\/\/ekmekcigurme.com.tr\/?product=kara-ekmek\" data-quantity=\"1\" class=\"button product_type_simple\" data-product_id=\"4296\" data-product_sku=\"\" aria-label=\"&ldquo;Kara Ekmek&rdquo; hakk\u0131nda daha fazla bilgi edinin\" rel=\"nofollow\">Devam\u0131n\u0131 oku<\/a><\/div><\/div><\/div><\/div><\/div><div class=\"mkdf-pl-text-wrapper\"><h4 class=\"mkdf-product-list-title\"><a href=\"http:\/\/ekmekcigurme.com.tr\/?product=kara-ekmek\">Kara Ekmek<\/a><\/h4>\n<\/div><a href=\"http:\/\/ekmekcigurme.com.tr\/?product=kara-ekmek\" class=\"woocommerce-LoopProduct-link woocommerce-loop-product__link\"><\/a><\/li><li class=\"product type-product post-4306 status-publish last instock product_cat-ekmekler has-post-thumbnail shipping-taxable product-type-simple\">\n\t<div class=\"mkdf-pl-inner\"><div class=\"mkdf-pl-image\"><img width=\"300\" height=\"300\" src=\"http:\/\/ekmekcigurme.com.tr\/wp-content\/uploads\/2021\/06\/kepek-ekmek-300x300.jpg\" class=\"attachment-woocommerce_thumbnail size-woocommerce_thumbnail\" alt=\"\" loading=\"lazy\" srcset=\"http:\/\/ekmekcigurme.com.tr\/wp-content\/uploads\/2021\/06\/kepek-ekmek-300x300.jpg 300w, http:\/\/ekmekcigurme.com.tr\/wp-content\/uploads\/2021\/06\/kepek-ekmek-150x150.jpg 150w, http:\/\/ekmekcigurme.com.tr\/wp-content\/uploads\/2021\/06\/kepek-ekmek-650x650.jpg 650w, http:\/\/ekmekcigurme.com.tr\/wp-content\/uploads\/2021\/06\/kepek-ekmek-1300x1300.jpg 1300w, http:\/\/ekmekcigurme.com.tr\/wp-content\/uploads\/2021\/06\/kepek-ekmek-100x100.jpg 100w\" sizes=\"(max-width: 300px) 100vw, 300px\" \/><div class=\"mkdf-pl-text\"><div class=\"mkdf-pl-text-outer\"><div class=\"mkdf-pl-text-inner\"><a href=\"http:\/\/ekmekcigurme.com.tr\/?product=kepek-ekmek\" data-quantity=\"1\" class=\"button product_type_simple\" data-product_id=\"4306\" data-product_sku=\"\" aria-label=\"&ldquo;Kepek Ekmek&rdquo; hakk\u0131nda daha fazla bilgi edinin\" rel=\"nofollow\">Devam\u0131n\u0131 oku<\/a><\/div><\/div><\/div><\/div><\/div><div class=\"mkdf-pl-text-wrapper\"><h4 class=\"mkdf-product-list-title\"><a href=\"http:\/\/ekmekcigurme.com.tr\/?product=kepek-ekmek\">Kepek Ekmek<\/a><\/h4>\n<\/div><a href=\"http:\/\/ekmekcigurme.com.tr\/?product=kepek-ekmek\" class=\"woocommerce-LoopProduct-link woocommerce-loop-product__link\"><\/a><\/li><li class=\"product type-product post-4300 status-publish first instock product_cat-ekmekler has-post-thumbnail shipping-taxable product-type-simple\">\n\t<div class=\"mkdf-pl-inner\"><div class=\"mkdf-pl-image\"><img width=\"300\" height=\"300\" src=\"http:\/\/ekmekcigurme.com.tr\/wp-content\/uploads\/2021\/06\/koy-ekmegi-1-300x300.jpg\" class=\"attachment-woocommerce_thumbnail size-woocommerce_thumbnail\" alt=\"\" loading=\"lazy\" srcset=\"http:\/\/ekmekcigurme.com.tr\/wp-content\/uploads\/2021\/06\/koy-ekmegi-1-300x300.jpg 300w, http:\/\/ekmekcigurme.com.tr\/wp-content\/uploads\/2021\/06\/koy-ekmegi-1-1024x1024.jpg 1024w, http:\/\/ekmekcigurme.com.tr\/wp-content\/uploads\/2021\/06\/koy-ekmegi-1-150x150.jpg 150w, http:\/\/ekmekcigurme.com.tr\/wp-content\/uploads\/2021\/06\/koy-ekmegi-1-768x768.jpg 768w, http:\/\/ekmekcigurme.com.tr\/wp-content\/uploads\/2021\/06\/koy-ekmegi-1-650x650.jpg 650w, http:\/\/ekmekcigurme.com.tr\/wp-content\/uploads\/2021\/06\/koy-ekmegi-1-600x600.jpg 600w, http:\/\/ekmekcigurme.com.tr\/wp-content\/uploads\/2021\/06\/koy-ekmegi-1-100x100.jpg 100w, http:\/\/ekmekcigurme.com.tr\/wp-content\/uploads\/2021\/06\/koy-ekmegi-1.jpg 1200w\" sizes=\"(max-width: 300px) 100vw, 300px\" \/><div class=\"mkdf-pl-text\"><div class=\"mkdf-pl-text-outer\"><div class=\"mkdf-pl-text-inner\"><a href=\"http:\/\/ekmekcigurme.com.tr\/?product=koy-ekmegi\" data-quantity=\"1\" class=\"button product_type_simple\" data-product_id=\"4300\" data-product_sku=\"\" aria-label=\"&ldquo;K\u00f6y Ekme\u011fi&rdquo; hakk\u0131nda daha fazla bilgi edinin\" rel=\"nofollow\">Devam\u0131n\u0131 oku<\/a><\/div><\/div><\/div><\/div><\/div><div class=\"mkdf-pl-text-wrapper\"><h4 class=\"mkdf-product-list-title\"><a href=\"http:\/\/ekmekcigurme.com.tr\/?product=koy-ekmegi\">K\u00f6y Ekme\u011fi<\/a><\/h4>\n<\/div><a href=\"http:\/\/ekmekcigurme.com.tr\/?product=koy-ekmegi\" class=\"woocommerce-LoopProduct-link woocommerce-loop-product__link\"><\/a><\/li><li class=\"product type-product post-4302 status-publish instock product_cat-ekmekler has-post-thumbnail shipping-taxable product-type-simple\">\n\t<div class=\"mkdf-pl-inner\"><div class=\"mkdf-pl-image\"><img width=\"300\" height=\"300\" src=\"http:\/\/ekmekcigurme.com.tr\/wp-content\/uploads\/2021\/06\/organik-ekmek-300x300.jpg\" class=\"attachment-woocommerce_thumbnail size-woocommerce_thumbnail\" alt=\"\" loading=\"lazy\" srcset=\"http:\/\/ekmekcigurme.com.tr\/wp-content\/uploads\/2021\/06\/organik-ekmek-300x300.jpg 300w, http:\/\/ekmekcigurme.com.tr\/wp-content\/uploads\/2021\/06\/organik-ekmek-150x150.jpg 150w, http:\/\/ekmekcigurme.com.tr\/wp-content\/uploads\/2021\/06\/organik-ekmek-100x100.jpg 100w\" sizes=\"(max-width: 300px) 100vw, 300px\" \/><div class=\"mkdf-pl-text\"><div class=\"mkdf-pl-text-outer\"><div class=\"mkdf-pl-text-inner\"><a href=\"http:\/\/ekmekcigurme.com.tr\/?product=organik-ekmek\" data-quantity=\"1\" class=\"button product_type_simple\" data-product_id=\"4302\" data-product_sku=\"\" aria-label=\"&ldquo;Organik Ekmek&rdquo; hakk\u0131nda daha fazla bilgi edinin\" rel=\"nofollow\">Devam\u0131n\u0131 oku<\/a><\/div><\/div><\/div><\/div><\/div><div class=\"mkdf-pl-text-wrapper\"><h4 class=\"mkdf-product-list-title\"><a href=\"http:\/\/ekmekcigurme.com.tr\/?product=organik-ekmek\">Organik Ekmek<\/a><\/h4>\n<\/div><a href=\"http:\/\/ekmekcigurme.com.tr\/?product=organik-ekmek\" class=\"woocommerce-LoopProduct-link woocommerce-loop-product__link\"><\/a><\/li><li class=\"product type-product post-4297 status-publish instock product_cat-ekmekler has-post-thumbnail shipping-taxable product-type-simple\">\n\t<div class=\"mkdf-pl-inner\"><div class=\"mkdf-pl-image\"><img width=\"300\" height=\"300\" src=\"http:\/\/ekmekcigurme.com.tr\/wp-content\/uploads\/2021\/06\/1safranbolu-300x300.jpg\" class=\"attachment-woocommerce_thumbnail size-woocommerce_thumbnail\" alt=\"\" loading=\"lazy\" srcset=\"http:\/\/ekmekcigurme.com.tr\/wp-content\/uploads\/2021\/06\/1safranbolu-300x300.jpg 300w, http:\/\/ekmekcigurme.com.tr\/wp-content\/uploads\/2021\/06\/1safranbolu-150x150.jpg 150w, http:\/\/ekmekcigurme.com.tr\/wp-content\/uploads\/2021\/06\/1safranbolu-100x100.jpg 100w\" sizes=\"(max-width: 300px) 100vw, 300px\" \/><div class=\"mkdf-pl-text\"><div class=\"mkdf-pl-text-outer\"><div class=\"mkdf-pl-text-inner\"><a href=\"http:\/\/ekmekcigurme.com.tr\/?product=safranbolu-ekmek\" data-quantity=\"1\" class=\"button product_type_simple\" data-product_id=\"4297\" data-product_sku=\"\" aria-label=\"&ldquo;Safranbolu Ekmek&rdquo; hakk\u0131nda daha fazla bilgi edinin\" rel=\"nofollow\">Devam\u0131n\u0131 oku<\/a><\/div><\/div><\/div><\/div><\/div><div class=\"mkdf-pl-text-wrapper\"><h4 class=\"mkdf-product-list-title\"><a href=\"http:\/\/ekmekcigurme.com.tr\/?product=safranbolu-ekmek\">Safranbolu Ekmek<\/a><\/h4>\n<\/div><a href=\"http:\/\/ekmekcigurme.com.tr\/?product=safranbolu-ekmek\" class=\"woocommerce-LoopProduct-link woocommerce-loop-product__link\"><\/a><\/li><li class=\"product type-product post-4304 status-publish last instock product_cat-ekmekler has-post-thumbnail shipping-taxable product-type-simple\">\n\t<div class=\"mkdf-pl-inner\"><div class=\"mkdf-pl-image\"><img width=\"300\" height=\"300\" src=\"http:\/\/ekmekcigurme.com.tr\/wp-content\/uploads\/2021\/06\/tahilli-ekmek-300x300.jpg\" class=\"attachment-woocommerce_thumbnail size-woocommerce_thumbnail\" alt=\"\" loading=\"lazy\" srcset=\"http:\/\/ekmekcigurme.com.tr\/wp-content\/uploads\/2021\/06\/tahilli-ekmek-300x300.jpg 300w, http:\/\/ekmekcigurme.com.tr\/wp-content\/uploads\/2021\/06\/tahilli-ekmek-150x150.jpg 150w, http:\/\/ekmekcigurme.com.tr\/wp-content\/uploads\/2021\/06\/tahilli-ekmek-650x650.jpg 650w, http:\/\/ekmekcigurme.com.tr\/wp-content\/uploads\/2021\/06\/tahilli-ekmek-100x100.jpg 100w\" sizes=\"(max-width: 300px) 100vw, 300px\" \/><div class=\"mkdf-pl-text\"><div class=\"mkdf-pl-text-outer\"><div class=\"mkdf-pl-text-inner\"><a href=\"http:\/\/ekmekcigurme.com.tr\/?product=tahilli-kurabiye\" data-quantity=\"1\" class=\"button product_type_simple\" data-product_id=\"4304\" data-product_sku=\"\" aria-label=\"&ldquo;Tah\u0131ll\u0131 Ekmek&rdquo; hakk\u0131nda daha fazla bilgi edinin\" rel=\"nofollow\">Devam\u0131n\u0131 oku<\/a><\/div><\/div><\/div><\/div><\/div><div class=\"mkdf-pl-text-wrapper\"><h4 class=\"mkdf-product-list-title\"><a href=\"http:\/\/ekmekcigurme.com.tr\/?product=tahilli-kurabiye\">Tah\u0131ll\u0131 Ekmek<\/a><\/h4>\n<\/div><a href=\"http:\/\/ekmekcigurme.com.tr\/?product=tahilli-kurabiye\" class=\"woocommerce-LoopProduct-link woocommerce-loop-product__link\"><\/a><\/li><li class=\"product type-product post-4303 status-publish first instock product_cat-ekmekler has-post-thumbnail shipping-taxable product-type-simple\">\n\t<div class=\"mkdf-pl-inner\"><div class=\"mkdf-pl-image\"><img width=\"300\" height=\"300\" src=\"http:\/\/ekmekcigurme.com.tr\/wp-content\/uploads\/2021\/06\/tam-bugday-ekmegi-300x300.jpg\" class=\"attachment-woocommerce_thumbnail size-woocommerce_thumbnail\" alt=\"\" loading=\"lazy\" srcset=\"http:\/\/ekmekcigurme.com.tr\/wp-content\/uploads\/2021\/06\/tam-bugday-ekmegi-300x300.jpg 300w, http:\/\/ekmekcigurme.com.tr\/wp-content\/uploads\/2021\/06\/tam-bugday-ekmegi-150x150.jpg 150w, http:\/\/ekmekcigurme.com.tr\/wp-content\/uploads\/2021\/06\/tam-bugday-ekmegi-768x768.jpg 768w, http:\/\/ekmekcigurme.com.tr\/wp-content\/uploads\/2021\/06\/tam-bugday-ekmegi-650x650.jpg 650w, http:\/\/ekmekcigurme.com.tr\/wp-content\/uploads\/2021\/06\/tam-bugday-ekmegi-600x600.jpg 600w, http:\/\/ekmekcigurme.com.tr\/wp-content\/uploads\/2021\/06\/tam-bugday-ekmegi-100x100.jpg 100w, http:\/\/ekmekcigurme.com.tr\/wp-content\/uploads\/2021\/06\/tam-bugday-ekmegi.jpg 900w\" sizes=\"(max-width: 300px) 100vw, 300px\" \/><div class=\"mkdf-pl-text\"><div class=\"mkdf-pl-text-outer\"><div class=\"mkdf-pl-text-inner\"><a href=\"http:\/\/ekmekcigurme.com.tr\/?product=tam-bugday-ekmek\" data-quantity=\"1\" class=\"button product_type_simple\" data-product_id=\"4303\" data-product_sku=\"\" aria-label=\"&ldquo;Tam Bu\u011fday Ekmek&rdquo; hakk\u0131nda daha fazla bilgi edinin\" rel=\"nofollow\">Devam\u0131n\u0131 oku<\/a><\/div><\/div><\/div><\/div><\/div><div class=\"mkdf-pl-text-wrapper\"><h4 class=\"mkdf-product-list-title\"><a href=\"http:\/\/ekmekcigurme.com.tr\/?product=tam-bugday-ekmek\">Tam Bu\u011fday Ekmek<\/a><\/h4>\n<\/div><a href=\"http:\/\/ekmekcigurme.com.tr\/?product=tam-bugday-ekmek\" class=\"woocommerce-LoopProduct-link woocommerce-loop-product__link\"><\/a><\/li><li class=\"product type-product post-4308 status-publish instock product_cat-ekmekler has-post-thumbnail shipping-taxable product-type-simple\">\n\t<div class=\"mkdf-pl-inner\"><div class=\"mkdf-pl-image\"><img width=\"300\" height=\"300\" src=\"http:\/\/ekmekcigurme.com.tr\/wp-content\/uploads\/2021\/06\/tost-ekmegi-1-300x300.jpg\" class=\"attachment-woocommerce_thumbnail size-woocommerce_thumbnail\" alt=\"\" loading=\"lazy\" srcset=\"http:\/\/ekmekcigurme.com.tr\/wp-content\/uploads\/2021\/06\/tost-ekmegi-1-300x300.jpg 300w, http:\/\/ekmekcigurme.com.tr\/wp-content\/uploads\/2021\/06\/tost-ekmegi-1-150x150.jpg 150w, http:\/\/ekmekcigurme.com.tr\/wp-content\/uploads\/2021\/06\/tost-ekmegi-1-650x650.jpg 650w, http:\/\/ekmekcigurme.com.tr\/wp-content\/uploads\/2021\/06\/tost-ekmegi-1-100x100.jpg 100w\" sizes=\"(max-width: 300px) 100vw, 300px\" \/><div class=\"mkdf-pl-text\"><div class=\"mkdf-pl-text-outer\"><div class=\"mkdf-pl-text-inner\"><a href=\"http:\/\/ekmekcigurme.com.tr\/?product=tost-ekmegi\" data-quantity=\"1\" class=\"button product_type_simple\" data-product_id=\"4308\" data-product_sku=\"\" aria-label=\"&ldquo;Tost Ekme\u011fi&rdquo; hakk\u0131nda daha fazla bilgi edinin\" rel=\"nofollow\">Devam\u0131n\u0131 oku<\/a><\/div><\/div><\/div><\/div><\/div><div class=\"mkdf-pl-text-wrapper\"><h4 class=\"mkdf-product-list-title\"><a href=\"http:\/\/ekmekcigurme.com.tr\/?product=tost-ekmegi\">Tost Ekme\u011fi<\/a><\/h4>\n<\/div><a href=\"http:\/\/ekmekcigurme.com.tr\/?product=tost-ekmegi\" class=\"woocommerce-LoopProduct-link woocommerce-loop-product__link\"><\/a><\/li><li class=\"product type-product post-4298 status-publish instock product_cat-ekmekler has-post-thumbnail shipping-taxable product-type-simple\">\n\t<div class=\"mkdf-pl-inner\"><div class=\"mkdf-pl-image\"><img width=\"300\" height=\"300\" src=\"http:\/\/ekmekcigurme.com.tr\/wp-content\/uploads\/2021\/06\/trabzon-ekmegi-300x300.jpg\" class=\"attachment-woocommerce_thumbnail size-woocommerce_thumbnail\" alt=\"\" loading=\"lazy\" srcset=\"http:\/\/ekmekcigurme.com.tr\/wp-content\/uploads\/2021\/06\/trabzon-ekmegi-300x300.jpg 300w, http:\/\/ekmekcigurme.com.tr\/wp-content\/uploads\/2021\/06\/trabzon-ekmegi-150x150.jpg 150w, http:\/\/ekmekcigurme.com.tr\/wp-content\/uploads\/2021\/06\/trabzon-ekmegi-650x650.jpg 650w, http:\/\/ekmekcigurme.com.tr\/wp-content\/uploads\/2021\/06\/trabzon-ekmegi-1300x1300.jpg 1300w, http:\/\/ekmekcigurme.com.tr\/wp-content\/uploads\/2021\/06\/trabzon-ekmegi-100x100.jpg 100w\" sizes=\"(max-width: 300px) 100vw, 300px\" \/><div class=\"mkdf-pl-text\"><div class=\"mkdf-pl-text-outer\"><div class=\"mkdf-pl-text-inner\"><a href=\"http:\/\/ekmekcigurme.com.tr\/?product=trabzon-ekmek\" data-quantity=\"1\" class=\"button product_type_simple\" data-product_id=\"4298\" data-product_sku=\"\" aria-label=\"&ldquo;Trabzon Ekmek&rdquo; hakk\u0131nda daha fazla bilgi edinin\" rel=\"nofollow\">Devam\u0131n\u0131 oku<\/a><\/div><\/div><\/div><\/div><\/div><div class=\"mkdf-pl-text-wrapper\"><h4 class=\"mkdf-product-list-title\"><a href=\"http:\/\/ekmekcigurme.com.tr\/?product=trabzon-ekmek\">Trabzon Ekmek<\/a><\/h4>\n<\/div><a href=\"http:\/\/ekmekcigurme.com.tr\/?product=trabzon-ekmek\" class=\"woocommerce-LoopProduct-link woocommerce-loop-product__link\"><\/a><\/li><li class=\"product type-product post-4307 status-publish last instock product_cat-ekmekler has-post-thumbnail shipping-taxable product-type-simple\">\n\t<div class=\"mkdf-pl-inner\"><div class=\"mkdf-pl-image\"><img width=\"300\" height=\"300\" src=\"http:\/\/ekmekcigurme.com.tr\/wp-content\/uploads\/2021\/06\/zeytinli-ekmek-300x300.jpg\" class=\"attachment-woocommerce_thumbnail size-woocommerce_thumbnail\" alt=\"\" loading=\"lazy\" srcset=\"http:\/\/ekmekcigurme.com.tr\/wp-content\/uploads\/2021\/06\/zeytinli-ekmek-300x300.jpg 300w, http:\/\/ekmekcigurme.com.tr\/wp-content\/uploads\/2021\/06\/zeytinli-ekmek-150x150.jpg 150w, http:\/\/ekmekcigurme.com.tr\/wp-content\/uploads\/2021\/06\/zeytinli-ekmek-768x768.jpg 768w, http:\/\/ekmekcigurme.com.tr\/wp-content\/uploads\/2021\/06\/zeytinli-ekmek-650x650.jpg 650w, http:\/\/ekmekcigurme.com.tr\/wp-content\/uploads\/2021\/06\/zeytinli-ekmek-600x600.jpg 600w, http:\/\/ekmekcigurme.com.tr\/wp-content\/uploads\/2021\/06\/zeytinli-ekmek-100x100.jpg 100w, http:\/\/ekmekcigurme.com.tr\/wp-content\/uploads\/2021\/06\/zeytinli-ekmek.jpg 1000w\" sizes=\"(max-width: 300px) 100vw, 300px\" \/><div class=\"mkdf-pl-text\"><div class=\"mkdf-pl-text-outer\"><div class=\"mkdf-pl-text-inner\"><a href=\"http:\/\/ekmekcigurme.com.tr\/?product=zeytinli-ekmek\" data-quantity=\"1\" class=\"button product_type_simple\" data-product_id=\"4307\" data-product_sku=\"\" aria-label=\"&ldquo;Zeytinli Ekmek&rdquo; hakk\u0131nda daha fazla bilgi edinin\" rel=\"nofollow\">Devam\u0131n\u0131 oku<\/a><\/div><\/div><\/div><\/div><\/div><div class=\"mkdf-pl-text-wrapper\"><h4 class=\"mkdf-product-list-title\"><a href=\"http:\/\/ekmekcigurme.com.tr\/?product=zeytinli-ekmek\">Zeytinli Ekmek<\/a><\/h4>\n<\/div><a href=\"http:\/\/ekmekcigurme.com.tr\/?product=zeytinli-ekmek\" class=\"woocommerce-LoopProduct-link woocommerce-loop-product__link\"><\/a><\/li><\/ul>\n<\/div>[\/vc_column][\/vc_row]<\/p>\n","protected":false},"excerpt":{"rendered":"<p>[vc_row][vc_column][\/vc_column][\/vc_row]<\/p>\n","protected":false},"author":1,"featured_media":0,"parent":0,"menu_order":0,"comment_status":"closed","ping_status":"closed","template":"","meta":[],"_links":{"self":[{"href":"http:\/\/ekmekcigurme.com.tr\/index.php?rest_route=\/wp\/v2\/pages\/3967"}],"collection":[{"href":"http:\/\/ekmekcigurme.com.tr\/index.php?rest_route=\/wp\/v2\/pages"}],"about":[{"href":"http:\/\/ekmekcigurme.com.tr\/index.php?rest_route=\/wp\/v2\/types\/page"}],"author":[{"embeddable":true,"href":"http:\/\/ekmekcigurme.com.tr\/index.php?rest_route=\/wp\/v2\/users\/1"}],"replies":[{"embeddable":true,"href":"http:\/\/ekmekcigurme.com.tr\/index.php?rest_route=%2Fwp%2Fv2%2Fcomments&post=3967"}],"version-history":[{"count":3,"href":"http:\/\/ekmekcigurme.com.tr\/index.php?rest_route=\/wp\/v2\/pages\/3967\/revisions"}],"predecessor-version":[{"id":4105,"href":"http:\/\/ekmekcigurme.com.tr\/index.php?rest_route=\/wp\/v2\/pages\/3967\/revisions\/4105"}],"wp:attachment":[{"href":"http:\/\/ekmekcigurme.com.tr\/index.php?rest_route=%2Fwp%2Fv2%2Fmedia&parent=3967"}],"curies":[{"name":"wp","href":"https:\/\/api.w.org\/{rel}","templated":true}]}}